{"id":89,"date":"2022-03-29T14:47:07","date_gmt":"2022-03-29T12:47:07","guid":{"rendered":"https:\/\/lesmarets.com\/?page_id=89"},"modified":"2025-04-01T15:12:06","modified_gmt":"2025-04-01T13:12:06","slug":"accueil","status":"publish","type":"page","link":"https:\/\/lesmarets.com\/","title":{"rendered":"Les Mar\u00eats (77560)"},"content":{"rendered":"\n<p class=\"has-text-align-right\"><\/p>\n\n\n\n<figure class=\"wp-block-embed is-type-video is-provider-vimeo wp-block-embed-vimeo wp-embed-aspect-16-9 wp-has-aspect-ratio\"><div class=\"wp-block-embed__wrapper\">\n<p class=\"responsive-video-wrap clr\"><iframe loading=\"lazy\" title=\"C0175-olivier duchene_reportage_video_les marets_ 3 hameaux _Vimeo\" src=\"https:\/\/player.vimeo.com\/video\/784526017?dnt=1&amp;app_id=122963\" width=\"1200\" height=\"675\" frameborder=\"0\" allow=\"autoplay; fullscreen; picture-in-picture; clipboard-write; encrypted-media\"><\/iframe><\/p>\n<\/div><\/figure>\n\n\n\n<p><\/p>\n\n\n\n<p class=\"has-text-align-left has-black-color has-text-color has-medium-font-size\">Situ\u00e9 \u00e0 environ 90 kms de Paris et \u00e0 15kms de Provins, notre petit village de 152 habitants comporte 3 hameaux : Les Mar\u00eats (c\u0153ur historique et patrimonial de la commune avec l\u2019ancien ch\u00e2teau, l\u2019\u00e9glise et la mairie), Corberon et Mar\u00e9ch\u00e8res, sur une surface de 540 ha, dont 200 ha de bois priv\u00e9.<br>Nous vous invitons \u00e0 d\u00e9ambuler sereinement sur notre site, aussi bien pour acc\u00e9der \u00e0 des renseignements administratifs et pratiques que pour mieux vous impr\u00e9gner de l\u2019histoire d\u2019un petit village de cr\u00e9ation administrative et juridique assez r\u00e9cente (16\u00e8me si\u00e8cle) qui a la volont\u00e9 et l\u2019ambition de favoriser et d\u2019animer la vie culturelle, associative et soci\u00e9tale du territoire provinois en compl\u00e9ment des actions men\u00e9es par d\u2019autres acteurs locaux et relay\u00e9es sur notre site.<\/p>\n\n\n\n<hr class=\"wp-block-separator has-css-opacity\"\/>\n\n\n\n<div class=\"wp-block-columns is-layout-flex wp-container-core-columns-is-layout-9d6595d7 wp-block-columns-is-layout-flex\">\n<div class=\"wp-block-column is-layout-flow wp-block-column-is-layout-flow\">\n<figure class=\"wp-block-image size-large\"><a href=\"https:\/\/lesmarets.com\/wp-content\/uploads\/2022\/05\/Olivier-Duchene-photographe_-cours-photo_carte-les-marets_web_20220429_152942.jpg\"><img loading=\"lazy\" decoding=\"async\" width=\"1024\" height=\"683\" src=\"https:\/\/lesmarets.com\/wp-content\/uploads\/2022\/05\/Olivier-Duchene-photographe_-cours-photo_carte-les-marets_web_20220429_152942-1024x683.jpg\" alt=\"Carte des Mar\u00eats avec les trois hameaux\" class=\"wp-image-175\" srcset=\"https:\/\/lesmarets.com\/wp-content\/uploads\/2022\/05\/Olivier-Duchene-photographe_-cours-photo_carte-les-marets_web_20220429_152942-1024x683.jpg 1024w, https:\/\/lesmarets.com\/wp-content\/uploads\/2022\/05\/Olivier-Duchene-photographe_-cours-photo_carte-les-marets_web_20220429_152942-300x200.jpg 300w, https:\/\/lesmarets.com\/wp-content\/uploads\/2022\/05\/Olivier-Duchene-photographe_-cours-photo_carte-les-marets_web_20220429_152942-768x512.jpg 768w, https:\/\/lesmarets.com\/wp-content\/uploads\/2022\/05\/Olivier-Duchene-photographe_-cours-photo_carte-les-marets_web_20220429_152942.jpg 1200w\" sizes=\"auto, (max-width: 1024px) 100vw, 1024px\" \/><\/a><figcaption class=\"wp-element-caption\">Vue d&rsquo;ensemble de la commune des Mar\u00eats<\/figcaption><\/figure>\n<\/div>\n\n\n\n<div class=\"wp-block-column is-layout-flow wp-block-column-is-layout-flow\">\n<figure class=\"wp-block-image size-large\"><a href=\"https:\/\/lesmarets.com\/wp-content\/uploads\/2022\/06\/Capture-decran-2022-06-13-144015.jpg\"><img loading=\"lazy\" decoding=\"async\" width=\"1024\" height=\"682\" src=\"https:\/\/lesmarets.com\/wp-content\/uploads\/2022\/06\/Capture-decran-2022-06-13-144015-1024x682.jpg\" alt=\"\" class=\"wp-image-267\" srcset=\"https:\/\/lesmarets.com\/wp-content\/uploads\/2022\/06\/Capture-decran-2022-06-13-144015-1024x682.jpg 1024w, https:\/\/lesmarets.com\/wp-content\/uploads\/2022\/06\/Capture-decran-2022-06-13-144015-300x200.jpg 300w, https:\/\/lesmarets.com\/wp-content\/uploads\/2022\/06\/Capture-decran-2022-06-13-144015-768x511.jpg 768w, https:\/\/lesmarets.com\/wp-content\/uploads\/2022\/06\/Capture-decran-2022-06-13-144015.jpg 1098w\" sizes=\"auto, (max-width: 1024px) 100vw, 1024px\" \/><\/a><figcaption class=\"wp-element-caption\">Les Mar\u00eats en France<\/figcaption><\/figure>\n<\/div>\n<\/div>\n\n\n\n<div class=\"wp-block-buttons is-content-justification-center is-layout-flex wp-container-core-buttons-is-layout-16018d1d wp-block-buttons-is-layout-flex\">\n<div class=\"wp-block-button is-style-outline is-style-outline--1\"><a class=\"wp-block-button__link has-black-color has-very-light-gray-to-cyan-bluish-gray-gradient-background has-text-color has-background wp-element-button\" href=\"https:\/\/www.viamichelin.fr\/web\/Cartes-plans\/Carte_plan-Les_Marets-77560-Seine_et_Marne-France\" target=\"_blank\" rel=\"noreferrer noopener\">Afficher la carte interactive<\/a><\/div>\n<\/div>\n\n\n\n<hr class=\"wp-block-separator has-alpha-channel-opacity is-style-default\"\/>\n\n\n\n<h2 class=\"wp-block-heading has-text-align-center\">Informations pratiques<\/h2>\n\n\n\n<figure class=\"wp-block-table is-style-regular\"><table><tbody><tr><td class=\"has-text-align-center\" data-align=\"center\">Ouverture au public<\/td><td class=\"has-text-align-center\" data-align=\"center\">Mercredi <\/td><td class=\"has-text-align-center\" data-align=\"center\">de 8h \u00e0 12h et de 12h30 \u00e0 16h30<\/td><\/tr><tr><td class=\"has-text-align-center\" data-align=\"center\">Adresse<\/td><td class=\"has-text-align-center\" data-align=\"center\"><\/td><td class=\"has-text-align-center\" data-align=\"center\">8 rue Saint Hubert 77560<\/td><\/tr><tr><td class=\"has-text-align-center\" data-align=\"center\">T\u00e9l\u00e9phone<\/td><td class=\"has-text-align-center\" data-align=\"center\">Mairie<\/td><td class=\"has-text-align-center\" data-align=\"center\"><strong>01 64 01 00 43<\/strong><\/td><\/tr><tr><td class=\"has-text-align-center\" data-align=\"center\">Courriel<\/td><td class=\"has-text-align-center\" data-align=\"center\"><\/td><td class=\"has-text-align-center\" data-align=\"center\"><a href=\"mailto:mairie.lesmarets@gmail.com\"><strong>mairie.lesmarets@gmail.com<\/strong><\/a><\/td><\/tr><tr><td class=\"has-text-align-center\" data-align=\"center\">Le maire<\/td><td class=\"has-text-align-center\" data-align=\"center\">G\u00e9rard Cognyl<\/td><td class=\"has-text-align-center\" data-align=\"center\">06 08 87 07 99 ou 01 64 01 93 81<\/td><\/tr><\/tbody><\/table><\/figure>\n\n\n\n<p><\/p>\n\n\n\n<div class=\"wp-block-buttons is-content-justification-center is-layout-flex wp-container-core-buttons-is-layout-16018d1d wp-block-buttons-is-layout-flex\">\n<div class=\"wp-block-button is-style-outline is-style-outline--2\"><a class=\"wp-block-button__link has-very-light-gray-to-cyan-bluish-gray-gradient-background has-background wp-element-button\" href=\"https:\/\/lesmarets.com\/index.php\/2022\/06\/13\/services\/\" target=\"_blank\" rel=\"noreferrer noopener\">Afficher autres Informations et services<\/a><\/div>\n<\/div>\n\n\n\n<hr class=\"wp-block-separator has-css-opacity\"\/>\n\n\n\n<h2 class=\"wp-block-heading\">Contact<\/h2>\n\n\n\n<p><strong>Une question, une r\u00e9clamation, une proposition<\/strong><\/p>\n\n\n<div class=\"wpforms-container wpforms-container-full wpforms-block wpforms-block-ceb8673a-b6e6-4688-b3e4-592325d6a1d7\" id=\"wpforms-97\"><form id=\"wpforms-form-97\" class=\"wpforms-validate wpforms-form wpforms-ajax-form\" data-formid=\"97\" method=\"post\" enctype=\"multipart\/form-data\" action=\"\/index.php\/wp-json\/wp\/v2\/pages\/89\" data-token=\"e6518558d215b91f5ff9a5338a494a21\" data-token-time=\"1777810219\"><noscript class=\"wpforms-error-noscript\">Veuillez activer JavaScript dans votre navigateur pour remplir ce formulaire.<\/noscript><div class=\"wpforms-field-container\"><div id=\"wpforms-97-field_0-container\" class=\"wpforms-field wpforms-field-name\" data-field-id=\"0\"><label class=\"wpforms-field-label\">Nom <span class=\"wpforms-required-label\">*<\/span><\/label><div class=\"wpforms-field-row wpforms-field-medium\"><div class=\"wpforms-field-row-block wpforms-first wpforms-one-half\"><input type=\"text\" id=\"wpforms-97-field_0\" class=\"wpforms-field-name-first wpforms-field-required\" name=\"wpforms[fields][0][first]\" required><label for=\"wpforms-97-field_0\" class=\"wpforms-field-sublabel after\">Pr\u00e9nom<\/label><\/div><div class=\"wpforms-field-row-block wpforms-one-half\"><input type=\"text\" id=\"wpforms-97-field_0-last\" class=\"wpforms-field-name-last wpforms-field-required\" name=\"wpforms[fields][0][last]\" required><label for=\"wpforms-97-field_0-last\" class=\"wpforms-field-sublabel after\">Nom<\/label><\/div><\/div><\/div><div id=\"wpforms-97-field_1-container\" class=\"wpforms-field wpforms-field-email\" data-field-id=\"1\"><label class=\"wpforms-field-label\" for=\"wpforms-97-field_1\">E-mail <span class=\"wpforms-required-label\">*<\/span><\/label><input type=\"email\" id=\"wpforms-97-field_1\" class=\"wpforms-field-medium wpforms-field-required\" name=\"wpforms[fields][1]\" spellcheck=\"false\" required><\/div><div id=\"wpforms-97-field_2-container\" class=\"wpforms-field wpforms-field-textarea\" data-field-id=\"2\"><label class=\"wpforms-field-label\" for=\"wpforms-97-field_2\">Commentaire ou message<\/label><textarea id=\"wpforms-97-field_2\" class=\"wpforms-field-medium\" name=\"wpforms[fields][2]\" ><\/textarea><\/div><\/div><!-- .wpforms-field-container --><div class=\"wpforms-submit-container\" ><input type=\"hidden\" name=\"wpforms[id]\" value=\"97\"><input type=\"hidden\" name=\"page_title\" value=\"\"><input type=\"hidden\" name=\"page_url\" value=\"https:\/\/lesmarets.com\/index.php\/wp-json\/wp\/v2\/pages\/89\"><input type=\"hidden\" name=\"url_referer\" value=\"\"><button type=\"submit\" name=\"wpforms[submit]\" id=\"wpforms-submit-97\" class=\"wpforms-submit\" data-alt-text=\"Sending...\" data-submit-text=\"Envoyer\" aria-live=\"assertive\" value=\"wpforms-submit\">Envoyer<\/button><img loading=\"lazy\" decoding=\"async\" src=\"https:\/\/lesmarets.com\/wp-content\/plugins\/wpforms-lite\/assets\/images\/submit-spin.svg\" class=\"wpforms-submit-spinner\" style=\"display: none;\" width=\"26\" height=\"26\" alt=\"Chargement en cours\"><\/div><\/form><\/div>  <!-- .wpforms-container -->","protected":false},"excerpt":{"rendered":"<p>Situ\u00e9 \u00e0 environ 90 kms de Paris et \u00e0 15kms de Provins, notre petit village de 152 habitants comporte 3 hameaux : Les Mar\u00eats (c\u0153ur historique et patrimonial de la commune avec l\u2019ancien ch\u00e2teau, l\u2019\u00e9glise et la mairie), Corberon et Mar\u00e9ch\u00e8res, sur une surface de 540 ha, dont 200 ha de bois priv\u00e9.Nous vous invitons [&hellip;]<\/p>\n","protected":false},"author":2,"featured_media":0,"parent":0,"menu_order":0,"comment_status":"closed","ping_status":"closed","template":"","meta":{"ocean_post_layout":"","ocean_both_sidebars_style":"","ocean_both_sidebars_content_width":0,"ocean_both_sidebars_sidebars_width":0,"ocean_sidebar":"0","ocean_second_sidebar":"0","ocean_disable_margins":"enable","ocean_add_body_class":"","ocean_shortcode_before_top_bar":"","ocean_shortcode_after_top_bar":"","ocean_shortcode_before_header":"","ocean_shortcode_after_header":"","ocean_has_shortcode":"","ocean_shortcode_after_title":"","ocean_shortcode_before_footer_widgets":"","ocean_shortcode_after_footer_widgets":"","ocean_shortcode_before_footer_bottom":"","ocean_shortcode_after_footer_bottom":"","ocean_display_top_bar":"default","ocean_display_header":"default","ocean_header_style":"","ocean_center_header_left_menu":"0","ocean_custom_header_template":"0","ocean_custom_logo":0,"ocean_custom_retina_logo":0,"ocean_custom_logo_max_width":0,"ocean_custom_logo_tablet_max_width":0,"ocean_custom_logo_mobile_max_width":0,"ocean_custom_logo_max_height":0,"ocean_custom_logo_tablet_max_height":0,"ocean_custom_logo_mobile_max_height":0,"ocean_header_custom_menu":"0","ocean_menu_typo_font_family":"0","ocean_menu_typo_font_subset":"","ocean_menu_typo_font_size":0,"ocean_menu_typo_font_size_tablet":0,"ocean_menu_typo_font_size_mobile":0,"ocean_menu_typo_font_size_unit":"px","ocean_menu_typo_font_weight":"","ocean_menu_typo_font_weight_tablet":"","ocean_menu_typo_font_weight_mobile":"","ocean_menu_typo_transform":"","ocean_menu_typo_transform_tablet":"","ocean_menu_typo_transform_mobile":"","ocean_menu_typo_line_height":0,"ocean_menu_typo_line_height_tablet":0,"ocean_menu_typo_line_height_mobile":0,"ocean_menu_typo_line_height_unit":"","ocean_menu_typo_spacing":0,"ocean_menu_typo_spacing_tablet":0,"ocean_menu_typo_spacing_mobile":0,"ocean_menu_typo_spacing_unit":"","ocean_menu_link_color":"","ocean_menu_link_color_hover":"","ocean_menu_link_color_active":"","ocean_menu_link_background":"","ocean_menu_link_hover_background":"","ocean_menu_link_active_background":"","ocean_menu_social_links_bg":"","ocean_menu_social_hover_links_bg":"","ocean_menu_social_links_color":"","ocean_menu_social_hover_links_color":"","ocean_disable_title":"default","ocean_disable_heading":"default","ocean_post_title":"","ocean_post_subheading":"","ocean_post_title_style":"","ocean_post_title_background_color":"","ocean_post_title_background":0,"ocean_post_title_bg_image_position":"","ocean_post_title_bg_image_attachment":"","ocean_post_title_bg_image_repeat":"","ocean_post_title_bg_image_size":"","ocean_post_title_height":0,"ocean_post_title_bg_overlay":0.5,"ocean_post_title_bg_overlay_color":"","ocean_disable_breadcrumbs":"default","ocean_breadcrumbs_color":"","ocean_breadcrumbs_separator_color":"","ocean_breadcrumbs_links_color":"","ocean_breadcrumbs_links_hover_color":"","ocean_display_footer_widgets":"default","ocean_display_footer_bottom":"default","ocean_custom_footer_template":"0","footnotes":""},"class_list":["post-89","page","type-page","status-publish","hentry","entry"],"_links":{"self":[{"href":"https:\/\/lesmarets.com\/index.php\/wp-json\/wp\/v2\/pages\/89","targetHints":{"allow":["GET"]}}],"collection":[{"href":"https:\/\/lesmarets.com\/index.php\/wp-json\/wp\/v2\/pages"}],"about":[{"href":"https:\/\/lesmarets.com\/index.php\/wp-json\/wp\/v2\/types\/page"}],"author":[{"embeddable":true,"href":"https:\/\/lesmarets.com\/index.php\/wp-json\/wp\/v2\/users\/2"}],"replies":[{"embeddable":true,"href":"https:\/\/lesmarets.com\/index.php\/wp-json\/wp\/v2\/comments?post=89"}],"version-history":[{"count":92,"href":"https:\/\/lesmarets.com\/index.php\/wp-json\/wp\/v2\/pages\/89\/revisions"}],"predecessor-version":[{"id":891,"href":"https:\/\/lesmarets.com\/index.php\/wp-json\/wp\/v2\/pages\/89\/revisions\/891"}],"wp:attachment":[{"href":"https:\/\/lesmarets.com\/index.php\/wp-json\/wp\/v2\/media?parent=89"}],"curies":[{"name":"wp","href":"https:\/\/api.w.org\/{rel}","templated":true}]}}